{"id":2033,"date":"2018-06-19T15:45:00","date_gmt":"2018-06-19T19:45:00","guid":{"rendered":"https:\/\/www.aclu-ia.org\/votacion-en-el-dia-de-las-elecciones\/"},"modified":"2018-06-19T15:45:00","modified_gmt":"2018-06-19T19:45:00","slug":"votacion-en-el-dia-de-las-elecciones","status":"publish","type":"page","link":"https:\/\/www.aclu-ia.org\/es\/votacion-en-el-dia-de-las-elecciones\/","title":{"rendered":"Votaci\u00f3n en el d\u00eda de las elecciones"},"content":{"rendered":"<p><sup><em>Actualizado en septiembre 2024<\/em><\/sup><\/p>\n<p><a class=\"more\" href=\"https:\/\/www.aclu-ia.org\/es\/know-your-rights\/conozca-sus-derechos-como-votante\">Conozca Sus Derechos Como Votante<\/a><\/p>\n","protected":false},"excerpt":{"rendered":"<p>Actualizado en septiembre 2024 Conozca Sus Derechos Como Votante<\/p>\n","protected":false},"author":6,"featured_media":0,"parent":0,"menu_order":0,"comment_status":"closed","ping_status":"closed","template":"","meta":{"_acf_changed":false,"_relevanssi_hide_post":"","_relevanssi_hide_content":"","_relevanssi_pin_for_all":"","_relevanssi_pin_keywords":"","_relevanssi_unpin_keywords":"","_relevanssi_related_keywords":"","_relevanssi_related_include_ids":"","_relevanssi_related_exclude_ids":"","_relevanssi_related_no_append":"","_relevanssi_related_not_related":"","_relevanssi_related_posts":"","_relevanssi_noindex_reason":"","footnotes":""},"class_list":["post-2033","page","type-page","status-publish","hentry"],"acf":{"layout":"default","header-group":{"header-description":"","show-subnav":false,"hide-from-subnav":false},"components":[{"acf_fc_layout":"text","text":{"text":"<em>Actualizado en septiembre 2024<\/em>\n\n<a class=\"more\" href=\"https:\/\/www.aclu-ia.org\/es\/know-your-rights\/conozca-sus-derechos-como-votante\">Conozca Sus Derechos Como Votante<\/a>"}},{"acf_fc_layout":"accordion","accordion":{"turn_on_faq":false,"list_style":false,"accordion-title":"","description":"","accordion-items":[{"title":"\u00bfPuedo pedir tiempo libre en el trabajo para ir a votar?\n","content":"Depende. Si en su horario de trabajo no hay dos horas consecutivas de descanso mientras los recintos electorales est\u00e1n abiertas, tiene el derecho a tomar tiempo libre para ir a votar. Sin embargo, debe notificarlo por escrito a su patr\u00f3n antes de la jornada electoral. Su patr\u00f3n no tiene derecho a penalizarlo ni a reducirle la paga normal o el salario por esta ausencia.\n\n\n","image_video_field_group":{"image_video_options":"image","image_group":{"image":null,"caption":"","credit":"","link-settings":"none","url":""},"video_group":{"video":null,"cover_image":null,"video_orientation":"standard"},"youtube_group":{"oembed-url":"","cover-image":null}}},{"title":"\u00bfD\u00f3nde voy a votar?\n","content":"<ul>\n<li>Tiene que votar en el recinto electoral que se le asign\u00f3 seg\u00fan su&nbsp;direcci\u00f3n.<\/li>\n<li>La direcci\u00f3n de&nbsp;su recinto&nbsp;electoral esta en la tarjeta de inscripci\u00f3n de votante que deber\u00eda haber recibido por correo poco despu\u00e9s de inscribirse.<\/li>\n<li>Puede averiguar d\u00f3nde le toca votar llamando a la oficina del auditor de su&nbsp;condado.<\/li>\n<li>Puede localizar su recinto electoral <a href=\"https:\/\/sos.iowa.gov\/elections\/voterreg\/pollingplace\/search.aspx\">en l\u00ednea<\/a>&nbsp;o en los medios de comunicaci\u00f3n locales.<\/li>\n<\/ul>\n","image_video_field_group":{"image_video_options":"image","image_group":{"image":null,"caption":"","credit":"","link-settings":"none","url":""},"video_group":{"video":null,"cover_image":null,"video_orientation":"standard"},"youtube_group":{"oembed-url":"","cover-image":null}}},{"title":"\u00bfQu\u00e9 pasa si mi recinto electoral no me es accesible o si necesito ayuda para votar?\n","content":"<ul>\n<li>Por ley, los recintos&nbsp;electorales en Iowa deben ser accesibles para las personas con discapacidades.<\/li>\n<li>Si antes del d\u00eda de las elecciones descubre que su recinto electoral&nbsp;no es accesible para usted, comun\u00edquese con la oficina del auditor de su condado o el Secretario de Estado inmediatamente y pida una adaptaci\u00f3n.<\/li>\n<li>Si el d\u00eda de las elecciones no puede entrar al recinto electoral por su discapacidad, puede enviar a alguien&nbsp;adentro en su nombre para solicitar servicio de voto en la acera. Uno de los trabajadores&nbsp;del recinto&nbsp;le traer\u00e1 una papeleta&nbsp;afuera para que pueda votar.&nbsp;<\/li>\n<li>Tambi\u00e9n tiene derecho a que alguien lo ayude a votar en el recinto&nbsp;electoral. Su asistente puede ser cualquier persona de su elecci\u00f3n, incluyendo los trabajadores del recinto electoral. Las \u00fanicas excepciones son: no lo puede ayudar su patr\u00f3n, ni un agente o representante de su patr\u00f3n, ni un agente o representante de su sindicato laboral.<\/li>\n<li>Si&nbsp;necesita instrucciones sobre c\u00f3mo&nbsp;usar el equipo para votar, le puede preguntar&nbsp;a un trabajador electoral. Trabajadores electorales est\u00e1n&nbsp;requeridos a ayudarlo\u2014incluso cuando ya este dentro de la caseta de voto.<\/li>\n<\/ul>\n","image_video_field_group":{"image_video_options":"image","image_group":{"image":null,"caption":"","credit":"","link-settings":"none","url":""},"video_group":{"video":null,"cover_image":null,"video_orientation":"standard"},"youtube_group":{"oembed-url":"","cover-image":null}}},{"title":"\u00bfPuedo conseguir una papeleta en mi idioma materno?\n","content":"En Iowa, el material electoral suele estar disponible solo en ingl\u00e9s. Pero tiene derecho a traerse a un int\u00e9rprete al recinto electoral o a pedir ayuda en su idioma a cualquier persona de su elecci\u00f3n, incluidos los trabajadores del recinto, siempre y cuando la persona no sea su patr\u00f3n, un agente o representante de su patr\u00f3n, o un agente o representante de su sindicato laboral.\n\n\n","image_video_field_group":{"image_video_options":"image","image_group":{"image":null,"caption":"","credit":"","link-settings":"none","url":""},"video_group":{"video":null,"cover_image":null,"video_orientation":"standard"},"youtube_group":{"oembed-url":"","cover-image":null}}},{"title":"\u00bfPueden mis hijos entrar conmigo a la caseta de voto?\n","content":"S\u00ed, siempre y cuando sean menores de 18 a\u00f1os.\n\n\n","image_video_field_group":{"image_video_options":"image","image_group":{"image":null,"caption":"","credit":"","link-settings":"none","url":""},"video_group":{"video":null,"cover_image":null,"video_orientation":"standard"},"youtube_group":{"oembed-url":"","cover-image":null}}},{"title":"\u00bfPuedo obtener transporte para ir a las urnas el d\u00eda de las elecciones?\n","content":"El gobierno no brinda transporte a las urnas el d\u00eda de las elecciones, pero muchos candidatos y partidos pol\u00edticos brindan este servicio. Como alternativa, puede solicitar una papeleta de voto ausente.\n\n\n","image_video_field_group":{"image_video_options":"image","image_group":{"image":null,"caption":"","credit":"","link-settings":"none","url":""},"video_group":{"video":null,"cover_image":null,"video_orientation":"standard"},"youtube_group":{"oembed-url":"","cover-image":null}}},{"title":"\u00bfQu\u00e9 pasa si estoy en fila para votar cuando se cierran las urnas a las 8 p.m.?\n","content":"Si est\u00e1 en la fila cuando cierran las urnas, se le permitir\u00e1 votar.\n\n\nSi tiene m\u00e1s preguntas, comun\u00edquese con&nbsp;<a href=\"https:\/\/sos.iowa.gov\/elections\/auditors\/auditorslist.html\">la oficina del auditor de su condado<\/a>&nbsp;o vaya a la&nbsp;<a href=\"https:\/\/sos.iowa.gov\/elections\/voterinformation\/index.html\">p\u00e1gina de Secretario de Estado.<\/a>\n\n\n","image_video_field_group":{"image_video_options":"image","image_group":{"image":null,"caption":"","credit":"","link-settings":"none","url":""},"video_group":{"video":null,"cover_image":null,"video_orientation":"standard"},"youtube_group":{"oembed-url":"","cover-image":null}}}]}}],"section":null,"issues":null,"related_content":[],"documents":null},"yoast_head":"<!-- This site is optimized with the Yoast SEO plugin v24.9 - https:\/\/yoast.com\/wordpress\/plugins\/seo\/ -->\n<title>Votaci\u00f3n en el d\u00eda de las elecciones - ACLU of Iowa<\/title>\n<meta name=\"robots\" content=\"index, follow, max-snippet:-1, max-image-preview:large, max-video-preview:-1\" \/>\n<link rel=\"canonical\" href=\"http:\/\/www.aclu-ia.org\/voting-election-day-iowa\/\" \/>\n<meta property=\"og:locale\" content=\"es_ES\" \/>\n<meta property=\"og:type\" content=\"article\" \/>\n<meta property=\"og:title\" content=\"Votaci\u00f3n en el d\u00eda de las elecciones - ACLU of Iowa\" \/>\n<meta property=\"og:description\" content=\"Actualizado en septiembre 2024 Conozca Sus Derechos Como Votante\" \/>\n<meta property=\"og:url\" content=\"https:\/\/www.aclu-ia.org\/es\/votacion-en-el-dia-de-las-elecciones\/\" \/>\n<meta property=\"og:site_name\" content=\"ACLU of Iowa\" \/>\n<meta property=\"og:image\" content=\"https:\/\/www.aclu-ia.org\/app\/themes\/aclu-parent\/img\/default_fb_share.jpg\" \/>\n<meta name=\"twitter:card\" content=\"summary_large_image\" \/>\n<script type=\"application\/ld+json\" class=\"yoast-schema-graph\">{\"@context\":\"https:\/\/schema.org\",\"@graph\":[{\"@type\":\"WebPage\",\"@id\":\"http:\/\/www.aclu-ia.org\/voting-election-day-iowa\/\",\"url\":\"http:\/\/www.aclu-ia.org\/voting-election-day-iowa\/\",\"name\":\"Votaci\u00f3n en el d\u00eda de las elecciones - ACLU of Iowa\",\"isPartOf\":{\"@id\":\"https:\/\/www.aclu-ia.org\/#website\"},\"datePublished\":\"2018-06-19T19:45:00+00:00\",\"inLanguage\":\"es-ES\",\"potentialAction\":[{\"@type\":\"ReadAction\",\"target\":[\"http:\/\/www.aclu-ia.org\/voting-election-day-iowa\/\"]}]},{\"@type\":\"WebSite\",\"@id\":\"https:\/\/www.aclu-ia.org\/#website\",\"url\":\"https:\/\/www.aclu-ia.org\/\",\"name\":\"ACLU of Iowa\",\"description\":\"An Iowa We Can Believe In\",\"publisher\":{\"@id\":\"https:\/\/www.aclu-ia.org\/#organization\"},\"potentialAction\":[{\"@type\":\"SearchAction\",\"target\":{\"@type\":\"EntryPoint\",\"urlTemplate\":\"https:\/\/www.aclu-ia.org\/?s={search_term_string}\"},\"query-input\":{\"@type\":\"PropertyValueSpecification\",\"valueRequired\":true,\"valueName\":\"search_term_string\"}}],\"inLanguage\":\"es-ES\"},{\"@type\":\"Organization\",\"@id\":\"https:\/\/www.aclu-ia.org\/#organization\",\"name\":\"ACLU of Iowa\",\"url\":\"https:\/\/www.aclu-ia.org\/\",\"logo\":{\"@type\":\"ImageObject\",\"inLanguage\":\"es-ES\",\"@id\":\"https:\/\/www.aclu-ia.org\/#\/schema\/logo\/image\/\",\"url\":\"https:\/\/www.aclu-ia.org\/app\/uploads\/2025\/08\/ACLU_Iowa_Moblie-Web_Color_RGB.png\",\"contentUrl\":\"https:\/\/www.aclu-ia.org\/app\/uploads\/2025\/08\/ACLU_Iowa_Moblie-Web_Color_RGB.png\",\"width\":2084,\"height\":2084,\"caption\":\"ACLU of Iowa\"},\"image\":{\"@id\":\"https:\/\/www.aclu-ia.org\/#\/schema\/logo\/image\/\"}}]}<\/script>\n<!-- \/ Yoast SEO plugin. -->","yoast_head_json":{"title":"Votaci\u00f3n en el d\u00eda de las elecciones - ACLU of Iowa","robots":{"index":"index","follow":"follow","max-snippet":"max-snippet:-1","max-image-preview":"max-image-preview:large","max-video-preview":"max-video-preview:-1"},"canonical":"http:\/\/www.aclu-ia.org\/voting-election-day-iowa\/","og_locale":"es_ES","og_type":"article","og_title":"Votaci\u00f3n en el d\u00eda de las elecciones - ACLU of Iowa","og_description":"Actualizado en septiembre 2024 Conozca Sus Derechos Como Votante","og_url":"https:\/\/www.aclu-ia.org\/es\/votacion-en-el-dia-de-las-elecciones\/","og_site_name":"ACLU of Iowa","og_image":[{"url":"https:\/\/www.aclu-ia.org\/app\/themes\/aclu-parent\/img\/default_fb_share.jpg","type":"","width":"","height":""}],"twitter_card":"summary_large_image","schema":{"@context":"https:\/\/schema.org","@graph":[{"@type":"WebPage","@id":"http:\/\/www.aclu-ia.org\/voting-election-day-iowa\/","url":"http:\/\/www.aclu-ia.org\/voting-election-day-iowa\/","name":"Votaci\u00f3n en el d\u00eda de las elecciones - ACLU of Iowa","isPartOf":{"@id":"https:\/\/www.aclu-ia.org\/#website"},"datePublished":"2018-06-19T19:45:00+00:00","inLanguage":"es-ES","potentialAction":[{"@type":"ReadAction","target":["http:\/\/www.aclu-ia.org\/voting-election-day-iowa\/"]}]},{"@type":"WebSite","@id":"https:\/\/www.aclu-ia.org\/#website","url":"https:\/\/www.aclu-ia.org\/","name":"ACLU of Iowa","description":"An Iowa We Can Believe In","publisher":{"@id":"https:\/\/www.aclu-ia.org\/#organization"},"potentialAction":[{"@type":"SearchAction","target":{"@type":"EntryPoint","urlTemplate":"https:\/\/www.aclu-ia.org\/?s={search_term_string}"},"query-input":{"@type":"PropertyValueSpecification","valueRequired":true,"valueName":"search_term_string"}}],"inLanguage":"es-ES"},{"@type":"Organization","@id":"https:\/\/www.aclu-ia.org\/#organization","name":"ACLU of Iowa","url":"https:\/\/www.aclu-ia.org\/","logo":{"@type":"ImageObject","inLanguage":"es-ES","@id":"https:\/\/www.aclu-ia.org\/#\/schema\/logo\/image\/","url":"https:\/\/www.aclu-ia.org\/app\/uploads\/2025\/08\/ACLU_Iowa_Moblie-Web_Color_RGB.png","contentUrl":"https:\/\/www.aclu-ia.org\/app\/uploads\/2025\/08\/ACLU_Iowa_Moblie-Web_Color_RGB.png","width":2084,"height":2084,"caption":"ACLU of Iowa"},"image":{"@id":"https:\/\/www.aclu-ia.org\/#\/schema\/logo\/image\/"}}]}},"distributor_meta":false,"distributor_terms":false,"distributor_media":false,"distributor_original_site_name":"ACLU of Iowa","distributor_original_site_url":"https:\/\/www.aclu-ia.org\/es\/","push-errors":false,"_links":{"self":[{"href":"https:\/\/www.aclu-ia.org\/es\/wp-json\/wp\/v2\/pages\/2033","targetHints":{"allow":["GET"]}}],"collection":[{"href":"https:\/\/www.aclu-ia.org\/es\/wp-json\/wp\/v2\/pages"}],"about":[{"href":"https:\/\/www.aclu-ia.org\/es\/wp-json\/wp\/v2\/types\/page"}],"author":[{"embeddable":true,"href":"https:\/\/www.aclu-ia.org\/es\/wp-json\/wp\/v2\/users\/6"}],"replies":[{"embeddable":true,"href":"https:\/\/www.aclu-ia.org\/es\/wp-json\/wp\/v2\/comments?post=2033"}],"version-history":[{"count":0,"href":"https:\/\/www.aclu-ia.org\/es\/wp-json\/wp\/v2\/pages\/2033\/revisions"}],"wp:attachment":[{"href":"https:\/\/www.aclu-ia.org\/es\/wp-json\/wp\/v2\/media?parent=2033"}],"curies":[{"name":"wp","href":"https:\/\/api.w.org\/{rel}","templated":true}]}}

Votación en el día de las elecciones

Depende. Si en su horario de trabajo no hay dos horas consecutivas de descanso mientras los recintos electorales están abiertas, tiene el derecho a tomar tiempo libre para ir a votar. Sin embargo, debe notificarlo por escrito a su patrón antes de la jornada electoral. Su patrón no tiene derecho a penalizarlo ni a reducirle la paga normal o el salario por esta ausencia.

¿Dónde voy a votar?

<ul>
<li>Tiene que votar en el recinto electoral que se le asignó según su&nbsp;dirección.</li>
<li>La dirección de&nbsp;su recinto&nbsp;electoral esta en la tarjeta de inscripción de votante que debería haber recibido por correo poco después de inscribirse.</li>
<li>Puede averiguar dónde le toca votar llamando a la oficina del auditor de su&nbsp;condado.</li>
<li>Puede localizar su recinto electoral <a href="https://sos.iowa.gov/elections/voterreg/pollingplace/search.aspx">en línea</a>&nbsp;o en los medios de comunicación locales.</li>
</ul>

¿Qué pasa si mi recinto electoral no me es accesible o si necesito ayuda para votar?

<ul>
<li>Por ley, los recintos&nbsp;electorales en Iowa deben ser accesibles para las personas con discapacidades.</li>
<li>Si antes del día de las elecciones descubre que su recinto electoral&nbsp;no es accesible para usted, comuníquese con la oficina del auditor de su condado o el Secretario de Estado inmediatamente y pida una adaptación.</li>
<li>Si el día de las elecciones no puede entrar al recinto electoral por su discapacidad, puede enviar a alguien&nbsp;adentro en su nombre para solicitar servicio de voto en la acera. Uno de los trabajadores&nbsp;del recinto&nbsp;le traerá una papeleta&nbsp;afuera para que pueda votar.&nbsp;</li>
<li>También tiene derecho a que alguien lo ayude a votar en el recinto&nbsp;electoral. Su asistente puede ser cualquier persona de su elección, incluyendo los trabajadores del recinto electoral. Las únicas excepciones son: no lo puede ayudar su patrón, ni un agente o representante de su patrón, ni un agente o representante de su sindicato laboral.</li>
<li>Si&nbsp;necesita instrucciones sobre cómo&nbsp;usar el equipo para votar, le puede preguntar&nbsp;a un trabajador electoral. Trabajadores electorales están&nbsp;requeridos a ayudarlo—incluso cuando ya este dentro de la caseta de voto.</li>
</ul>

En Iowa, el material electoral suele estar disponible solo en inglés. Pero tiene derecho a traerse a un intérprete al recinto electoral o a pedir ayuda en su idioma a cualquier persona de su elección, incluidos los trabajadores del recinto, siempre y cuando la persona no sea su patrón, un agente o representante de su patrón, o un agente o representante de su sindicato laboral.

Sí, siempre y cuando sean menores de 18 años.

¿Puedo obtener transporte para ir a las urnas el día de las elecciones?

El gobierno no brinda transporte a las urnas el día de las elecciones, pero muchos candidatos y partidos políticos brindan este servicio. Como alternativa, puede solicitar una papeleta de voto ausente.

¿Qué pasa si estoy en fila para votar cuando se cierran las urnas a las 8 p.m.?

Si está en la fila cuando cierran las urnas, se le permitirá votar.


Si tiene más preguntas, comuníquese con&nbsp;<a href="https://sos.iowa.gov/elections/auditors/auditorslist.html">la oficina del auditor de su condado</a>&nbsp;o vaya a la&nbsp;<a href="https://sos.iowa.gov/elections/voterinformation/index.html">página de Secretario de Estado.</a>

<!-- This site is optimized with the Yoast SEO plugin v24.9 - https://yoast.com/wordpress/plugins/seo/ -->
<title>Votación en el día de las elecciones - ACLU of Iowa</title>
<meta name="robots" content="index, follow, max-snippet:-1, max-image-preview:large, max-video-preview:-1" />
<link rel="canonical" href="http://www.aclu-ia.org/voting-election-day-iowa/" />
<meta property="og:locale" content="es_ES" />
<meta property="og:type" content="article" />
<meta property="og:title" content="Votación en el día de las elecciones - ACLU of Iowa" />
<meta property="og:description" content="Actualizado en septiembre 2024 Conozca Sus Derechos Como Votante" />
<meta property="og:url" content="https://www.aclu-ia.org/es/votacion-en-el-dia-de-las-elecciones/" />
<meta property="og:site_name" content="ACLU of Iowa" />
<meta property="og:image" content="https://www.aclu-ia.org/app/themes/aclu-parent/img/default_fb_share.jpg" />
<meta name="twitter:card" content="summary_large_image" />
<script type="application/ld+json" class="yoast-schema-graph">{"@context":"https://schema.org","@graph":[{"@type":"WebPage","@id":"http://www.aclu-ia.org/voting-election-day-iowa/","url":"http://www.aclu-ia.org/voting-election-day-iowa/","name":"Votación en el día de las elecciones - ACLU of Iowa","isPartOf":{"@id":"https://www.aclu-ia.org/#website"},"datePublished":"2018-06-19T19:45:00+00:00","inLanguage":"es-ES","potentialAction":[{"@type":"ReadAction","target":["http://www.aclu-ia.org/voting-election-day-iowa/"]}]},{"@type":"WebSite","@id":"https://www.aclu-ia.org/#website","url":"https://www.aclu-ia.org/","name":"ACLU of Iowa","description":"An Iowa We Can Believe In","publisher":{"@id":"https://www.aclu-ia.org/#organization"},"potentialAction":[{"@type":"SearchAction","target":{"@type":"EntryPoint","urlTemplate":"https://www.aclu-ia.org/?s={search_term_string}"},"query-input":{"@type":"PropertyValueSpecification","valueRequired":true,"valueName":"search_term_string"}}],"inLanguage":"es-ES"},{"@type":"Organization","@id":"https://www.aclu-ia.org/#organization","name":"ACLU of Iowa","url":"https://www.aclu-ia.org/","logo":{"@type":"ImageObject","inLanguage":"es-ES","@id":"https://www.aclu-ia.org/#/schema/logo/image/","url":"https://www.aclu-ia.org/app/uploads/2025/08/ACLU_Iowa_Moblie-Web_Color_RGB.png","contentUrl":"https://www.aclu-ia.org/app/uploads/2025/08/ACLU_Iowa_Moblie-Web_Color_RGB.png","width":2084,"height":2084,"caption":"ACLU of Iowa"},"image":{"@id":"https://www.aclu-ia.org/#/schema/logo/image/"}}]}</script>
<!-- / Yoast SEO plugin. -->

Votación en el día de las elecciones - ACLU of Iowa
