{"version":"1.0","provider_name":"ACLU of Iowa","provider_url":"https:\/\/www.aclu-ia.org\/es\/","author_name":"ACLU of Iowa","author_url":"https:\/\/www.aclu-ia.org\/es\/","title":"Sobre la ACLU de Iowa - ACLU of Iowa","type":"rich","width":600,"height":338,"html":"<blockquote class=\"wp-embedded-content\" data-secret=\"V4hwKZUBTG\"><a href=\"https:\/\/www.aclu-ia.org\/es\/sobre-la-aclu-de-iowa\/\">Sobre la ACLU de Iowa<\/a><\/blockquote><iframe sandbox=\"allow-scripts\" security=\"restricted\" src=\"https:\/\/www.aclu-ia.org\/es\/sobre-la-aclu-de-iowa\/embed\/#?secret=V4hwKZUBTG\" width=\"600\" height=\"338\" title=\"&#8220;Sobre la ACLU de Iowa&#8221; &#8212; ACLU of Iowa\" data-secret=\"V4hwKZUBTG\" frameborder=\"0\" marginwidth=\"0\" marginheight=\"0\" scrolling=\"no\" class=\"wp-embedded-content\"><\/iframe><script type=\"text\/javascript\">\n\/* <![CDATA[ *\/\n\/*! This file is auto-generated *\/\n!function(d,l){\"use strict\";l.querySelector&&d.addEventListener&&\"undefined\"!=typeof URL&&(d.wp=d.wp||{},d.wp.receiveEmbedMessage||(d.wp.receiveEmbedMessage=function(e){var t=e.data;if((t||t.secret||t.message||t.value)&&!\/[^a-zA-Z0-9]\/.test(t.secret)){for(var s,r,n,a=l.querySelectorAll('iframe[data-secret=\"'+t.secret+'\"]'),o=l.querySelectorAll('blockquote[data-secret=\"'+t.secret+'\"]'),c=new RegExp(\"^https?:$\",\"i\"),i=0;i<o.length;i++)o[i].style.display=\"none\";for(i=0;i<a.length;i++)s=a[i],e.source===s.contentWindow&&(s.removeAttribute(\"style\"),\"height\"===t.message?(1e3<(r=parseInt(t.value,10))?r=1e3:~~r<200&&(r=200),s.height=r):\"link\"===t.message&&(r=new URL(s.getAttribute(\"src\")),n=new URL(t.value),c.test(n.protocol))&&n.host===r.host&&l.activeElement===s&&(d.top.location.href=t.value))}},d.addEventListener(\"message\",d.wp.receiveEmbedMessage,!1),l.addEventListener(\"DOMContentLoaded\",function(){for(var e,t,s=l.querySelectorAll(\"iframe.wp-embedded-content\"),r=0;r<s.length;r++)(t=(e=s[r]).getAttribute(\"data-secret\"))||(t=Math.random().toString(36).substring(2,12),e.src+=\"#?secret=\"+t,e.setAttribute(\"data-secret\",t)),e.contentWindow.postMessage({message:\"ready\",secret:t},\"*\")},!1)))}(window,document);\n\/\/# sourceURL=https:\/\/www.aclu-ia.org\/wp\/wp-includes\/js\/wp-embed.min.js\n\/* ]]> *\/\n<\/script>\n","description":"Desde su comienzo en 1935, la Uni\u00f3n Americana de Libertades Civiles (ACLU) de Iowa ha protegido las libertades b\u00e1sicas de todos en nuestro estado. Somos una organizaci\u00f3n privada, sin afiliaci\u00f3n pol\u00edtica y sin fines de lucro, que lucha para avanzar libertades civiles y defender la constituci\u00f3nes de Iowa y los Estados Unidos. Somos el afiliado [&hellip;]","thumbnail_url":"https:\/\/www.aclu-ia.org\/app\/themes\/aclu-parent\/img\/default_fb_share.jpg"}

Desde su comienzo en 1935, la Unión Americana de Libertades Civiles (ACLU) de Iowa ha protegido las libertades básicas de todos en nuestro estado. Somos una organización privada, sin afiliación política y sin fines de lucro, que lucha para avanzar libertades civiles y defender la constituciónes de Iowa y los Estados Unidos. Somos el afiliado [&hellip;]
