{"version":"1.0","provider_name":"ACLU of Iowa","provider_url":"https:\/\/www.aclu-ia.org\/es\/","author_name":"Veronica Fowler","author_url":"https:\/\/www.aclu-ia.org\/es\/news\/author\/veronica-fowler\/","title":"Preguntas Legales M\u00e1s Comunes - ACLU of Iowa","type":"rich","width":600,"height":338,"html":"<blockquote class=\"wp-embedded-content\" data-secret=\"0JuO3betPO\"><a href=\"https:\/\/www.aclu-ia.org\/es\/preguntas-legales-mas-comunes\/\">Preguntas Legales M\u00e1s Comunes<\/a><\/blockquote><iframe sandbox=\"allow-scripts\" security=\"restricted\" src=\"https:\/\/www.aclu-ia.org\/es\/preguntas-legales-mas-comunes\/embed\/#?secret=0JuO3betPO\" width=\"600\" height=\"338\" title=\"&#8220;Preguntas Legales M\u00e1s Comunes&#8221; &#8212; ACLU of Iowa\" data-secret=\"0JuO3betPO\" frameborder=\"0\" marginwidth=\"0\" marginheight=\"0\" scrolling=\"no\" class=\"wp-embedded-content\"><\/iframe><script type=\"text\/javascript\">\n\/* <![CDATA[ *\/\n\/*! This file is auto-generated *\/\n!function(d,l){\"use strict\";l.querySelector&&d.addEventListener&&\"undefined\"!=typeof URL&&(d.wp=d.wp||{},d.wp.receiveEmbedMessage||(d.wp.receiveEmbedMessage=function(e){var t=e.data;if((t||t.secret||t.message||t.value)&&!\/[^a-zA-Z0-9]\/.test(t.secret)){for(var s,r,n,a=l.querySelectorAll('iframe[data-secret=\"'+t.secret+'\"]'),o=l.querySelectorAll('blockquote[data-secret=\"'+t.secret+'\"]'),c=new RegExp(\"^https?:$\",\"i\"),i=0;i<o.length;i++)o[i].style.display=\"none\";for(i=0;i<a.length;i++)s=a[i],e.source===s.contentWindow&&(s.removeAttribute(\"style\"),\"height\"===t.message?(1e3<(r=parseInt(t.value,10))?r=1e3:~~r<200&&(r=200),s.height=r):\"link\"===t.message&&(r=new URL(s.getAttribute(\"src\")),n=new URL(t.value),c.test(n.protocol))&&n.host===r.host&&l.activeElement===s&&(d.top.location.href=t.value))}},d.addEventListener(\"message\",d.wp.receiveEmbedMessage,!1),l.addEventListener(\"DOMContentLoaded\",function(){for(var e,t,s=l.querySelectorAll(\"iframe.wp-embedded-content\"),r=0;r<s.length;r++)(t=(e=s[r]).getAttribute(\"data-secret\"))||(t=Math.random().toString(36).substring(2,12),e.src+=\"#?secret=\"+t,e.setAttribute(\"data-secret\",t)),e.contentWindow.postMessage({message:\"ready\",secret:t},\"*\")},!1)))}(window,document);\n\/\/# sourceURL=https:\/\/www.aclu-ia.org\/wp\/wp-includes\/js\/wp-embed.min.js\n\/* ]]> *\/\n<\/script>\n","description":"\u00bfDe qu\u00e9 tipo de casos se ocupa la ACLU? Nuestro programa legal se centra en nuestra misi\u00f3n esencial: la defensa de los derechos y libertades constitucionales. No es usual que aceptemos casos que involucran un gran n\u00famero de disputas factuales. La mayor\u00eda de los casos que aceptamos est\u00e1n relacionados de alg\u00fan modo con el gobierno, [&hellip;]","thumbnail_url":"https:\/\/www.aclu-ia.org\/app\/themes\/aclu-parent\/img\/default_fb_share.jpg"}

Preguntas Legales Más Comunes - ACLU of Iowa

<blockquote class="wp-embedded-content" data-secret="0JuO3betPO"><a href="https://www.aclu-ia.org/es/preguntas-legales-mas-comunes/">Preguntas Legales Más Comunes</a></blockquote><iframe sandbox="allow-scripts" security="restricted" src="https://www.aclu-ia.org/es/preguntas-legales-mas-comunes/embed/#?secret=0JuO3betPO" width="600" height="338" title="&#8220;Preguntas Legales Más Comunes&#8221; &#8212; ACLU of Iowa" data-secret="0JuO3betPO" frameborder="0" marginwidth="0" marginheight="0" scrolling="no" class="wp-embedded-content"></iframe><script type="text/javascript">
/* <![CDATA[ */
/*! This file is auto-generated */
!function(d,l){"use strict";l.querySelector&&d.addEventListener&&"undefined"!=typeof URL&&(d.wp=d.wp||{},d.wp.receiveEmbedMessage||(d.wp.receiveEmbedMessage=function(e){var t=e.data;if((t||t.secret||t.message||t.value)&&!/[^a-zA-Z0-9]/.test(t.secret)){for(var s,r,n,a=l.querySelectorAll('iframe[data-secret="'+t.secret+'"]'),o=l.querySelectorAll('blockquote[data-secret="'+t.secret+'"]'),c=new RegExp("^https?:$","i"),i=0;i<o.length;i++)o[i].style.display="none";for(i=0;i<a.length;i++)s=a[i],e.source===s.contentWindow&&(s.removeAttribute("style"),"height"===t.message?(1e3<(r=parseInt(t.value,10))?r=1e3:~~r<200&&(r=200),s.height=r):"link"===t.message&&(r=new URL(s.getAttribute("src")),n=new URL(t.value),c.test(n.protocol))&&n.host===r.host&&l.activeElement===s&&(d.top.location.href=t.value))}},d.addEventListener("message",d.wp.receiveEmbedMessage,!1),l.addEventListener("DOMContentLoaded",function(){for(var e,t,s=l.querySelectorAll("iframe.wp-embedded-content"),r=0;r<s.length;r++)(t=(e=s[r]).getAttribute("data-secret"))||(t=Math.random().toString(36).substring(2,12),e.src+="#?secret="+t,e.setAttribute("data-secret",t)),e.contentWindow.postMessage({message:"ready",secret:t},"*")},!1)))}(window,document);
//# sourceURL=https://www.aclu-ia.org/wp/wp-includes/js/wp-embed.min.js
/* ]]> */
</script>

¿De qué tipo de casos se ocupa la ACLU? Nuestro programa legal se centra en nuestra misión esencial: la defensa de los derechos y libertades constitucionales. No es usual que aceptemos casos que involucran un gran número de disputas factuales. La mayoría de los casos que aceptamos están relacionados de algún modo con el gobierno, [&hellip;]
